49031.
7, 5778433
What are the prime factors of 3219364711?
167, 19277633
What are the prime factors of 385702640?
2, 5, 23, 209621
List the prime factors of 159411820.
2, 5, 7970591
List the prime factors of 580583612.
2, 7, 547, 37907
What are the prime factors of 1398372634?
2, 29, 433, 55681
List the prime factors of 3159812432.
2, 7, 37, 108929
List the prime factors of 40633020.
2, 3, 5, 19, 109
What are the prime factors of 618882524?
2, 13, 79, 1907
List the prime factors of 33699839.
33699839
What are the prime factors of 247009339?
383, 644933
What are the prime factors of 98595589?
98595589
List the prime factors of 1172611851.
3, 271, 1442327
List the prime factors of 94675957.
193, 490549
What are the prime factors of 24913272?
2, 3, 787, 1319
What are the prime factors of 472731709?
131, 3608639
List the prime factors of 17443838.
2, 433, 20143
List the prime factors of 274984750.
2, 5, 67, 16417
List the prime factors of 5589437.
7, 23, 149, 233
What are the prime factors of 984986198?
2, 7, 70356157
List the prime factors of 4973278955.
5, 994655791
What are the prime factors of 2435904289?
7, 13, 1783, 15013
List the prime factors of 1672592642.
2, 7, 229, 521707
What are the prime factors of 76422562?
2, 1481, 25801
List the prime factors of 173384414.
2, 7, 71, 174431
List the prime factors of 20230744.
2, 19, 133097
List the prime factors of 32681370.
2, 3, 5, 73, 14923
What are the prime factors of 2197480268?
2, 7873, 69779
List the prime factors of 58208871.
3, 7, 443, 6257
What are the prime factors of 367073?
7, 41, 1279
What are the prime factors of 44976745?
5, 11, 229, 3571
List the prime factors of 28049523.
3, 229, 40829
List the prime factors of 311194766.
2, 29, 67, 73, 1097
What are the prime factors of 52621710?
2, 3, 5, 353, 4969
What are the prime factors of 1453522341?
3, 484507447
List the prime factors of 122070779.
199, 613421
What are the prime factors of 31871778?
2, 3, 19, 279577
What are the prime factors of 1226087898?
2, 3, 7, 19, 103, 2131
What are the prime factors of 166921412?
2, 7, 1409, 4231
What are the prime factors of 383205429?
3, 47, 905923
List the prime factors of 17823317.
53, 523, 643
List the prime factors of 809908786.
2, 71, 5703583
List the prime factors of 67626578.
2, 17, 23, 5087
List the prime factors of 396211556.
2, 13, 479, 15907
List the prime factors of 4032475546.
2, 11, 89, 233, 8839
What are the prime factors of 1737280897?
11, 181, 872567
What are the prime factors of 138988213?
7, 13, 29, 52667
What are the prime factors of 303884596?
2, 433, 175453
List the prime factors of 125740947.
3, 61, 687109
What are the prime factors of 770303199?
3, 2423, 105971
What are the prime factors of 31951899?
3, 7, 23, 22051
List the prime factors of 328692489.
3, 109564163
What are the prime factors of 1535754499?
31667, 48497
What are the prime factors of 1974742309?
1974742309
List the prime factors of 60219207.
3, 743447
List the prime factors of 5694227115.
3, 5, 353, 1075397
What are the prime factors of 272131722?
2, 3, 23, 657323
What are the prime factors of 48152744?
2, 1597, 3769
What are the prime factors of 32980200?
2, 3, 5, 11, 19, 263
What are the prime factors of 102257324?
2, 13, 71, 27697
List the prime factors of 2186203706.
2, 17, 349, 184241
List the prime factors of 6745404521.
6691, 1008131
What are the prime factors of 595311222?
2, 3, 11, 9019867
List the prime factors of 7699908.
2, 3, 61, 67, 157
What are the prime factors of 35258500?
2, 5, 151, 467
What are the prime factors of 872762240?
2, 5, 7, 194813
List the prime factors of 123491387.
101, 263, 4649
What are the prime factors of 2446238123?
7, 1439, 34693
What are the prime factors of 47903673?
3, 15967891
List the prime factors of 559145370.
2, 3, 5, 7, 47, 8093
List the prime factors of 55404549.
3, 1229, 5009
List the prime factors of 3217189698.
2, 3, 7247, 8221
List the prime factors of 197765.
5, 37, 1069
List the prime factors of 5099005905.
3, 5, 7, 6937423
List the prime factors of 1964350560.
2, 3, 5, 239, 17123
What are the prime factors of 3466263403?
2267, 1529009
What are the prime factors of 79476984?
2, 3, 367949
List the prime factors of 54194742.
2, 3, 7, 17, 25301
What are the prime factors of 53086958?
2, 61, 435139
List the prime factors of 108760258.
2, 7177, 7577
What are the prime factors of 2945476612?
2, 13, 37, 1530913
List the prime factors of 524739539.
524739539
What are the prime factors of 77176691?
77176691
What are the prime factors of 59807273?
59807273
What are the prime factors of 99437429?
7, 13, 31, 101, 349
What are the prime factors of 1895068329?
3, 7, 11, 263, 31193
List the prime factors of 238675485.
3, 5, 23, 691813
List the prime factors of 235314264.
2, 3, 709, 13829
List the prime factors of 23094551.
17, 467, 2909
List the prime factors of 47851090.
2, 5, 7, 17, 79, 509
What are the prime factors of 71374877?
7, 10196411
List the prime factors of 291176526.
2, 3, 401, 121021
What are the prime factors of 251263543?
19, 449, 29453
List the prime factors of 60809265.
3, 5, 11, 40949
List the prime factors of 62221475.
5, 1543, 1613
What are the prime factors of 2490480298?
2, 1245240149
What are the prime factors of 121447051?
11, 307, 35963
List the prime factors of 493659487.
493659487
What are the prime factors of 3025756?
2, 59, 12821
What are the prime factors of 24616073?
103, 238991
What are the prime factors of 9678319?
7, 241, 5737
List the prime factors of 47044610.
2, 5, 17, 127, 2179
What are the prime factors of 437989064?
2, 19, 229, 12583
What are the prime factors of 4047206909?
4047206909
What are the prime factors of 2465578576?
2, 1289, 119549
What are the prime factors of 4307790608?
2, 11, 24476083
List the prime factors of 6514905482.
2, 79, 41233579
List the prime factors of 2575643270.
2, 5, 23, 11198449
What are the prime factors of 3599653289?
223, 16141943
List the prime factors of 529946097.
3, 176648699
List the prime factors of 1348620712.
2, 4789, 35201
What are the prime factors of 150410812?
2, 269, 139787
List the prime factors of 1198350786.
2, 3, 19, 10511849
List the prime factors of 25535386.
2, 1063, 12011
List the prime factors of 233013000.
2, 3, 5, 11, 23, 307
What are the prime factors of 3348706761?
3, 179, 2078651
What are the prime factors of 303021569?
449, 661, 1021
List the prime factors of 24324526.
2, 12162263
List the prime factors of 2082950446.
2, 37, 28147979
List the prime factors of 22890893.
22890893
What are the prime factors of 278941977?
3, 337, 91969
What are the prime factors of 107098099?
8419, 12721
What are the prime factors of 7105217891?
23, 251, 283, 4349
What are the prime factors of 66109198?
2, 577, 57287
What are the prime factors of 50603208?
2, 3, 47, 113, 397
What are the prime factors of 2341942471?
11, 7309, 29129
What are the prime factors of 428550736?
2, 26784421
List the prime factors of 1719422233.
19, 90495907
What are the prime factors of 173924960?
2, 5, 11, 17, 5813
What are the prime factors of 50831190?
2, 3, 5, 17, 33223
What are the prime factors of 40363106?
2, 7, 19, 41, 3701
List the prime factors of 33482505.
3, 5, 7, 318881
What are the prime factors of 130494077?
7, 647, 28813
What are the prime factors of 154315407?
3, 51438469
What are the prime factors of 18554957?
31, 751, 797
What are the prime factors of 304465541?
304465541
List the prime factors of 1188758335.
5, 23, 10337029
List the prime factors of 113449786.
2, 53, 241, 4441
What are the prime factors of 7817146255?
5, 83, 18836497
List the prime factors of 5052798.
2, 3, 280711
List the prime factors of 151406890.
2, 5, 15140689
List the prime factors of 1587067.
1587067
List the prime factors of 72441330.
2, 3, 5, 13, 185747
What are the prime factors of 20029066?
2, 139, 72047
List the prime factors of 1442097759.
3, 480699253
What are the prime factors of 282435408?
2, 3, 29, 47, 1439
List the prime factors of 592740950.
2, 5, 79, 150061
List the prime factors of 463538917.
269, 1723193
What are the prime factors of 54146897?
7, 7735271
List the prime factors of 4338297.
3, 482033
What are the prime factors of 24387099?
3, 11, 739003
What are the prime factors of 83787081?
3, 7, 739